*(f + 2 + 0). Suppose i - 5 = 3*z. Calculate the greatest common factor of z and 3.
3
Let w be (-4)/22 + 230/55. Suppose -2*m + 904 = 5*d - w*m, 0 = -m - 2. Calculate the greatest common factor of 20 and d.
20
Let l = 30 - 32. Let v be (-4 + 10)*(-2)/l. Calculate the highest common divisor of v and 16.
2
Let m be 2/(-4)*(8 - 8). Suppose m*i + 16 = 2*i. Calculate the greatest common factor of i and 8.
8
Suppose -4*u + 400 = u. Suppose 0 = -4*s - s + u. Let v(f) = f**2 - 3*f - 2. Let p be v(4). What is the highest common factor of s and p?
2
Suppose -2*q + 2*x = 2*q - 14, 5*q - 37 = -4*x. Suppose q + 3 = 4*f. Suppose -36 = -f*j - 2*j. What is the greatest common divisor of j and 9?
9
Suppose -3*z = 4*q - 28, q - 10 = -0*z - z. Calculate the greatest common divisor of z and 15.
3
Suppose 0 = 2*m + 2*n - 2, -4*m = -2*n - 0 - 4. Suppose -4*f - 5 = -4*b - 81, 0 = b + 3*f - m. Let y = b + 15. Calculate the highest common factor of y and 7.
1
Let n be (-18)/30 + 93/5. What is the greatest common divisor of 24 and n?
6
Suppose 5*q + k + 4*k = 120, -4*q + k + 86 = 0. Let i(h) = -270*h + 1256. Let t be i(4). Calculate the greatest common divisor of t and q.
22
Suppose 0 = 4*f + 5*i - 105 - 71, -4*f + 176 = 2*i. Suppose -4*g = -0*g + 4. Let s = 5 + g. Calculate the greatest common factor of f and s.
4
Suppose 22 = 3*i - 95. Let h = 599 - 404. Calculate the highest common divisor of h and i.
39
Let f be ((-10 - 0) + 0)/(10/5). Let c(b) = 4*b**2 - b - 5. Let i be c(f). What is the greatest common factor of 25 and i?
25
Let f(h) = 1594 - 1598 - 4*h + 3*h. Let b be f(-12). Suppose -4*t + 64 = -2*t. What is the highest common factor of t and b?
8
Let f(y) = 385*y. Let m be f(2). Calculate the greatest common factor of m and 220.
110
Suppose 44*c = 38*c + 198. What is the greatest common factor of c and 121?
11
Let u = 192 - 191. What is the greatest common divisor of u and 29?
1
Suppose 0*s - 2*s = -5*q - 1355, -4*s + 2689 = -3*q. Suppose 4*h = -l + 972, 5*h - s = -l + 544. Calculate the greatest common factor of h and 22.
22
Let n be (210/(-60))/(-1 - 218/(-220)). What is the highest common divisor of 70 and n?
35
Suppose -4*y + 34 + 162 = 2*k, -y + 5 = 0. What is the greatest common divisor of k and 11?
11
Let n = 7974 - 7919. Let d(c) = 2*c**2 - c. Let u be d(-5). What is the greatest common divisor of n and u?
55
Let s be (516/86)/((-2)/(-3)). Let o be (-1 - -3)/(2/(-2)). Let d be (76 + 0 - 2) + o. What is the greatest common factor of d and s?
9
Suppose 2124 + 3348 = 9*u. What is the highest common factor of 76 and u?
76
Suppose -99 = -37*l + 49. Calculate the highest common factor of l and 9.
1
Let d(h) = -h + 1. Let p(b) = b**3 - 6*b**2 - 4*b + 10. Let z(c) = -4*d(c) + p(c). Let a be z(6). What is the highest common factor of a and 9?
3
Let o(q) = q**3 + 7*q**2 + 12*q + 7. Let j be o(-5). Let k = -1 + 1. Let s be 16 + (j - (-3 + k)). Calculate the greatest common factor of s and 144.
16
Suppose 5*v - 17 = 4*g + 18, -2*v - g = -1. Suppose z + 2*s = 4, -6*z + v*s + 57 = -3*z. What is the greatest common divisor of 84 and z?
14
Let y be 24/20 - 164/(-5). What is the greatest common divisor of 2 and y?
2
Let n be (12/10)/(-2 - (-905)/450). Suppose -w + n = 3*w. What is the greatest common factor of w and 189?
27
Suppose 30 = s + 9. Let l = -9 - -21. Let t = s - l. Calculate the greatest common divisor of t and 18.
9
Suppose 20 = 7*x - 3*x. Calculate the greatest common factor of 50 and x.
5
Suppose 264 = i + 2*i. Suppose 4*r + 186 - 26 = 0. Let q = i + r. Calculate the greatest common factor of q and 6.
6
Suppose 5*t - 5*o - 840 = 0, t + o = 98 + 74. What is the greatest common factor of 17 and t?
17
Let u be (-2)/4*4/(-2). Let h(s) = 18*s + 9. Let j be h(0). What is the greatest common divisor of j and u?
1
Suppose -2*s + 52 = -z + 3*z, -z - 5*s = -38. What is the highest common divisor of z and 529?
23
Let u(y) = -5*y**3 - 3*y**2 - 10*y - 14. Let k be u(-2). What is the highest common divisor of k and 34?
34
Suppose 0 = 3*v + m - 32, -3*v + 0*m + 24 = -3*m. Suppose -v + 5 = -5*j. Let y = 214 - 203. What is the highest common factor of y and j?
1
Let m be 71 - (6 - (-78)/(-12))*2. Calculate the greatest common divisor of m and 16.
8
Let w = -12 - -15. Let b(i) = -i**3 + w - 11*i + 10*i**2 + 2 + 3 + i. Let n be b(7). Calculate the greatest common factor of n and 17.
17
Suppose -2*n + 10*a + 42 = 8*a, 4*n + 3*a = 56. Let b(m) = 7*m**3 - m**2 + 2*m + 1. Let k be b(3). What is the highest common factor of n and k?
17
Let h be 356 + (0 - 2/(-1)). Suppose -s + 230 + h = 0. Suppose 0 = -2*g - 2*g + s. Calculate the greatest common factor of g and 21.
21
Suppose 5*v = -x + 797, -178 = -v + 4*x - 6. What is the highest common divisor of v and 24?
8
Suppose 0 = 8*s - 4*s. Suppose v + 112 - 451 = s. Let l = -227 + v. Calculate the highest common factor of 14 and l.
14
Suppose 0 = 108*b - 122*b + 1568. Calculate the highest common factor of b and 70.
14
Suppose -7*h + 467 + 478 = 0. What is the highest common divisor of h and 27?
27
Let v be (-4 - 0) + (172 + 2 - -5). Suppose -g + u = 2*u - 27, 0 = -5*g + 3*u + v. Calculate the highest common divisor of 32 and g.
32
Suppose 16*r = -23*r + 3822. What is the highest common divisor of 10 and r?
2
Suppose -37*i = -15647 - 1447. Calculate the highest common factor of i and 210.
42
Suppose -27*y = -4104 + 1296. What is the highest common factor of y and 8?
8
Suppose -25 = -a + 3*j, -4*a - 55*j + 68 = -51*j. What is the highest common factor of 2831 and a?
19
Suppose -4344*n = -4339*n - 30. Let r be ((-8)/(-10))/(3/180). What is the greatest common factor of n and r?
6
Let s = -2 + 12. Suppose -s = -t + 13. Suppose 0 = r - t - 85. What is the greatest common divisor of 12 and r?
12
Let j be (-9 - 2)*(-42 + -2). Suppose j = 5*f - f. Calculate the highest common factor of f and 11.
11
Let f(r) = 3*r - 19. Let n be f(8). Suppose n*g - 7 = 13. What is the highest common divisor of 10 and g?
2
Suppose -4*c = 4*t - 60, -2*c + 7*t = 3*t - 60. Suppose n = 4*m - 5*m + c, 0 = 5*n + 3*m - 106. Calculate the highest common factor of n and 207.
23
Let k(z) = -6*z**3 - 3*z**2 - z - 12. Let a be k(-3). Calculate the greatest common divisor of a and 162.
18
Let i = 378 + -353. What is the highest common divisor of 25 and i?
25
Let h = 16 + -12. Suppose 0*b - 3*b = 5*r - 117, 2*r - 5*b = 53. What is the highest common divisor of h and r?
4
Let p(w) = w**3 + 22*w**2 + 19*w - 10. Let f be p(-21). Calculate the greatest common divisor of f and 8.
8
Let k(l) = 28*l**2 + l - 2. Let t be k(3). Let x be (-5)/(105/(-203)) - (-4)/3. Calculate the highest common divisor of x and t.
11
Suppose -121 = -4*q - 21. Suppose q = 8*c - 3*c. Suppose 0*n = -c*n + 25. What is the greatest common divisor of n and 20?
5
Let k be 150/(-3)*(-2)/4. Suppose -8 = -4*q, -3*i - 5*q = -0*q - k. Let c(v) = 15*v + 2. Let r be c(i). Calculate the greatest common factor of 7 and r.
7
Let i(k) = 16*k. Suppose 2 = 5*b - 3. Suppose v - 4 = -b. Let a be i(v). What is the highest common factor of 12 and a?
12
Let s(f) = -f**2 - 2*f. Let d be s(-2). Let t be (6 + -7)/(1 + d). Let h = t - -15. Calculate the highest common divisor of 28 and h.
14
Let s(j) = 35*j - 139. Let g be s(4). Calculate the highest common factor of g and 5.
1
Suppose 950 + 844 = 39*c. Calculate the highest common factor of c and 6.
2
Suppose 0 = 3*u + 51*a - 47*a - 29, -2*u + 26 = 4*a. Calculate the highest common factor of u and 48.
3
Let z(s) = s**3 + 9*s**2 + s + 14. Let j be z(-9). Suppose -4*m + 0*m + b = -321, 395 = j*m + 5*b. Calculate the greatest common factor of 10 and m.
10
Let b be (-6)/(-15) + 672/20. Suppose 111*a = 19*a + 7820. What is the highest common factor of a and b?
17
Let q be 40*(-6)/12*-4. What is the highest common divisor of 5 and q?
5
Let a(v) be the third derivative of v**4/24 + v**3 - 20*v**2. Let m be a(-4). Calculate the highest common factor of m and 1.
1
Suppose 3*m + 15 = 5*b - 2*b, b + 7 = 5*m. Let h be 10*-1*(-4)/b. Let n be 66 - (h/1 + -2). What is the greatest common divisor of n and 42?
21
Suppose -36 = -5*z + 2*z. Suppose -x + z = 2*x. Calculate the highest common divisor of 4 and x.
4
Suppose -5*m = -3*m + z - 375, -2*z + 939 = 5*m. Let y(u) = 2*u**2 + 10*u + 9. L